
Evaluate -4 + 0 - (7 + -21 + 10).
0
9 + -7 + -18 + 9
-7
Calculate -3 + -3 + 7 - (0 - 0).
1
Evaluate 19 + -1 - 3 - 10.
5
Calculate 10 + -2 - 1 - (-26 - -39).
-6
What is (-8 - -6) + -5 - (0 + -9)?
2
Calculate -12 + 9 + (4 - 6).
-5
Calculate 1 + 0 - 2 - (-4 + 0).
3
Calculate 0 + (7 - (7 - (0 + 3))).
3
Calculate (-5 - -6) + 1 + -2.
0
-6 + -1 + (4 - (-1 - -5))
-7
What is the value of 2 + 4 + -10 + 0?
-4
What is -2 + (21 + -24 - (-1 + 1))?
-5
Calculate 1 + (7 - (5 - (0 - -1))).
4
What is 9 + -16 + (16 + -9 - 1)?
-1
Calculate -77 + 79 - (3 + (1 - 2)).
0
Evaluate 0 + -9 + (2 - -1).
-6
(-4 + -5 - -8) + 7
6
What is the value of -1 + 4 + (-1 - -1) + 0?
3
Evaluate -1 - -1 - (0 - -4).
-4
Calculate (-8 - -17) + -4 - (-5 + 1).
9
Evaluate (10 - 7) + (-2 - (1 + -3)).
3
Calculate -2 + 6 + -6 + 0.
-2
What is 16 - (2 + 1 - -4)?
9
What is the value of (-5 - -5) + 0 + 5?
5
Evaluate -6 + (2 - 0) - (-3 + 0).
-1
Evaluate (6 - (4 + (-4 - -3))) + -4.
-1
5 - ((1 - (-1 + 1)) + 0)
4
What is the value of 1 + (2 - -1) + -3?
1
What is (2 - -5) + -2 + -1?
4
-16 - (12 + -13 - 8)
-7
0 + (9 - 4 - 1)
4
Evaluate -1 - -2 - (3 - (-1 - 0)).
-3
0 - 6 - (2 + -15 + 2)
5
What is (1 - (-3 + -2)) + -3?
3
What is -2 + 8 - (2 + 2)?
2
0 + 4 - ((32 - 18) + -1)
-9
What is -6 - -1 - (-46 + 38)?
3
-1 - -6 - (1 - -4)
0
What is 1 + (-14 - -7 - -2)?
-4
Evaluate 0 + (5 - -2) - 3.
4
What is the value of (5 + -11 - -5) + -1 - -6?
4
Evaluate 1 + (-1 - (-1 + -2 + 1)).
2
Evaluate -11 - 2 - -7 - (2 + -7).
-1
What is the value of 25 + -24 - (-1 - -7) - -5?
0
What is the value of 6 + -1 - (-1 - -1)?
5
6 + -6 + -2 + 2
0
Calculate -3 + 1 - (151 - 145).
-8
Evaluate 2 - (0 + 0) - (1 - 1).
2
Calculate 1 + 1 - (-1 - -9 - 8).
2
Calculate (17 - 16) + 2 + -2 + 0.
1
What is (1 - 2) + -2 + (1 - -2)?
0
What is the value of 12 + (8 - 27 - -9)?
2
What is (3 - (0 - 0)) + -7?
-4
What is the value of -10 + -3 + (20 - 12)?
-5
Calculate 7 + -3 + -5 + -3.
-4
What is (5 - 15) + (6 - 0) + -2?
-6
What is -3 - (-1 - -7 - (29 - 29))?
-9
What is the value of 19 + -12 - (-1 + 11)?
-3
Calculate -3 - (-1 + 3) - (-2 + -6).
3
(-1 - 0) + (6 - (22 - 12))
-5
What is 1 + 3 + -1 + 1 + -8?
-4
Evaluate -14 + 17 + 9 + -23.
-11
Calculate -3 + 8 + -2 - 5.
-2
Calculate -7 - 0 - (25 + -31).
-1
What is 1 + (3 + -8 - 0)?
-4
What is the value of (19 - 23) + (-1 - -3)?
-2
(-3 - -2) + 0 - (-20 - -24)
-5
(2 - -1 - 5) + -1 - 0
-3
What is -8 + (16 - 8) + -5 - 4?
-9
Evaluate (-1 - 10) + (-26 - -30).
-7
Evaluate -30 - -30 - (-7 - -1).
6
5 - (6 - (1 + 5 + -4))
1
-6 - -11 - (11 - 15)
9
Evaluate (0 - -3) + -5 + -3 + 1.
-4
-1 + (-3 + 1 - -5) + -1
1
Evaluate (-1 - 3) + (9 - 0).
5
-11 + (15 + -2 + -4 - 3)
-5
(2 - (8 - 11)) + -4
1
(-1 - -3) + (-4 - -3) - 0
1
6 + -8 - (-1 + -1)
0
What is 0 + (0 - 2) - (1 + -2)?
-1
What is the value of -3 - (-3 + 7 + -7)?
0
Calculate (-2 - (-1 - 0)) + -1 + 3.
1
0 + (-4 - (-1 + -2))
-1
-2 + -1 + (6 - 6)
-3
What is the value of -2 + 4 + 1 + 0?
3
What is the value of -2 + -1 + 10 - (94 + -93)?
6
What is the value of -3 + 12 + -4 + -2 + 2?
5
Calculate -1 + 17 - (5 + 5 + -3).
9
What is 0 + (-1 - 2) - -3?
0
What is (0 + 1 - -11) + 11 + -18?
5
9 + -14 + (2 - 0)
-3
-4 - -1 - 1 - (2 - 8)
2
What is 3 + -2 + -8 - -6?
-1
(17 - (-2 - -7)) + -9
3
-1 + -5 + 10 - (2 - 0)
2
What is 2 + 2 + -4 - -1?
1
(13 - 10) + (-2 - (-4 + 2))
3
What is the value of 5 + (0 - 4) + -6?
-5
What is the value of 6 - 11 - (-2 + -1)?
-2
What is 25 - 17 - (10 - -4)?
-6
Evaluate -9 + (11 - 3) + -6 - 1.
-8
(-6 - 6) + 4 - -8
0
Calculate 0 - (4 + 0 + -1).
-3
What is the value of -1 + (-5 - -11) + -9 - -3?
-1
What is the value of (-1 - (4 - -5)) + 12?
2
-22 - -13 - (0 - 3)
-6
6 + -19 + 11 + 0
-2
Calculate (-33 - -33) + 2 + -5.
-3
Calculate -4 - 1 - (2 - (9 + -1)).
1
Calculate 0 - 3 - (49 - 53).
1
9 - (10 - (-3 - -8))
4
Calculate -5 - -2 - (-3 + 8 - 8).
0
What is -1 + 5 + -2 + -1?
1
(2 - -2) + (2 - 3) - -2
5
-10 + 8 + 9 + 0
7
What is (14 - 2 - -2) + (-4 - 2)?
8
What is 4 + -6 - ((3 - 3) + 3)?
-5
What is 0 + -4 + 5 + 0?
1
Calculate 32 - 28 - (-2 + -3 - -3).
6
What is the value of 10 + -2 + (-4 - (2 - 4))?
6
What is the value of -5 + 5 + 4 + 0 + 0?
4
-1 + 1 - (38 + -43)
5
Calculate 8 - (31 + -9) - -21.
7
What is the value of 2 + 0 + 0 + (3 - 1)?
4
What is the value of -16 + 8 - (-4 + -3 + 3)?
-4
What is (2 - (11 - 15)) + 1?
7
What is the value of 9 + (-1 - (2 + 2)) + -5?
-1
What is the value of (2 - 3 - 4) + (1 - -6)?
2
88 - 89 - (-2 - (0 - 1))
0
What is the value of -1 + 0 - (-4 - (1 - 2))?
2
Evaluate (-27 - -20) + (0 - -3) - -4.
0
Calculate 4 - 3 - 3 - (1 - 4).
1
What is the value of -2 - 1 - (-8 + -8 + 13)?
0
(-5 - -4) + (-1 - -4) - 3
-1
What is the value of -10 + 2 + -6 + 9?
-5
(-8 - -5 - (-1 + 2)) + 8
4
What is the value of (-4 - -10) + -15 + 5?
-4
Calculate (-74 - -73) + (0 - 0) + 7.
6
Evaluate -1 + -6 + (10 - (5 - -1)).
-3
What is the value of 2 - -1 - (4 - (7 + -5))?
1
What is 10 - (4 - -8) - (1 - 5)?
2
Evaluate (-3 - (6 - 3)) + 8.
2
What is the value of 9 + -1 - (4 + 20 + -18)?
2
What is 8 - (0 + 6 + -1 + -1)?
4
What is the value of 99 + -88 + (-2 - 2)?
7
What is the value of 3 + -7 + (2 - -1) - -5?
4
What is the value of -3 + (17 - 4) + -7?
3
What is -10 - (4 + (-7 - -3 - 5))?
-5
Evaluate (-7 - -4 - 0) + 1.
-2
What is (7 + -4 - 3) + 9 + -5?
4
What is the value of -6 + 8 + -6 - -5?
1
Calculate -10 + 8 + (-5 + 2 - -2).
-3
What is the value of 4 + -2 + 11 + -4 + -10?
-1
What is 11 + -22 + 13 + (2 - 8)?
-4
Calculate -8 + 7 - (-5 - -1).
3
(6 - -1) + -15 + 15 + -3
4
What is the value of -1 + 3 - (1 - -4 - 0)?
-3
Evaluate (3 - 10 - -5) + (2 - 7).
-7
-2 + (4 - 1 - (-7 + 5))
3
What is the value of 6 - 0 - (-7 + 4 - -6)?
3
What is -5 + 7 + 1 + -7?
-4
12 - (-1 + 15 + -6)
4
What is the value of 7 - (5 + -2) - 4?
0
Evaluate 1 + -2 + 5 - (-61 + 70).
-5
-8 + 5 + 1 + 0
-2
Evaluate -1 + 1 + (7 - (-4 - -12)).
-1
Calculate (0 + 0 - -1) + 18 + -17.
2
(3 - 4 - -4) + -3
0
What is the value of 10 + 3 + -7 + -3 + -4?
-1
What is the value of 1 + (1 - -9 - 15)?
-4
What is (1 + 3 - -13) + -6?
11
-2 + 3 + (-2 - -6)
5
Calculate 7 - (2 + 0) - (-34 - -32).
7
What is -4 - (-1 + (2 + 2 - 6))?
-1
Calculate (-6 - (-12 + 5)) + (-2 - -6).
5
What is -2 + (-4 - 0) + 14?
8
Evaluate (1 - 0) + -1 - 2 - 0.
-2
What is the value of 0 + -3 - (2 - (-2 + 4))?
-3
Evaluate -7 + (6 - -1 - 6 - -3).
-3
4 - (-4 + 10) - 3
-5
-10 - ((25 - 26) + -4 + 0)
-5
2 - 0 - (15 - (8 + 5))
0
Evaluate 2 + 1 - (-8 - (-2 + -6)).
3
Calculate 7 - (19 - 9 - 5).
2
What is the value of (8 - -3 - 5) + -4?
2
(-10 - -6) + 1 - -2
-1
-2 + (-10 + 13 - -1)
2
What is -9 + (9 - ((10 - 4) + -2))?
-4
Calculate (-3 - -2 - -6) + 1 + -7.
-1
What is the value of 6 - 1 - (1 + -1 - -8)?
-3
Calculate (-2 - -3 - -1) + 0.
2
-1 - ((7 - 2) + 14 + -17)
-3
Evaluate 2 - (-4 + (-3 - -4) + 8).
-3
Calculate 2 + -3 + -1 + 10 + -5.
3
(-15 - -5) + 8 + -1 + 1
-2
Calculate 23 - (-8 - (-10 + -12)).
9
Calculate (6 + 4 - 10) + 0.
0
Evaluate 0 + 4 + (0 - -1 - 5).
0
6 + -3 + -27 + 22
-2
Evaluate 2 + -5 + (7 - 6) + -3.
-5
What is the value of -6 + 2 - (-7 + 4) - -3?
2
5 + -1 + -1 + 2
5
What is (3 - (3 - -2)) + -2?
-4
What is (-3 - -5) + (0 - 1)?
1
What is the value of -5 + ((2 - 7) + 3 - -9)?
2
-1 + -2 + (-3 - -3) - 3
-6
What is 21 + -9 + 0 + -5?
7
Calculate -8 + 3 + 1 - -5.
1
What is -7 + (7 - (-5 + 12)) + -2?
-9
What is the value of (-8 - -6 - 4) + 7?
1
-4 - ((-1 - 2) + (11 - 9))
-3
Evaluate (17 - 14) + (-1 + -1 - -2).
3
What is 6 - (1 - -3 - 0) - -1?
3
Evaluate -2 + -1 + -1 + 7.
3
Calculate -5 - (2 - (-2 + 9)).
0
6 + 3 + (-11 - -4)
2
What is the value of 1 + -1 - (-2 - -1)?
1
What is the value of 0 + (-3 - (1 - 7))?
3
Evaluate (6 - (9 - (-3 + 5))) + 5.
4
What is -2 + -8 - (-15 - -9)?
-4
Calculate 0 + -4 - (-13 + (10 - -6)).
-7
What is the value of 4 - (-5 + 1 + 30 + -29)?
7
What is (5 - 11) + 2 + 2 + 1?
-1
4 - (1 + 4) - -4
3
What is 12 + -2 + -11 + (-1 - -12)?
10
Calculate -11 + 2 - (9 - (3 - -8)).
-7
What is the value of 5 + -3 + (0 - -10) + -4?
8
Evaluate -4 - (-6 + (1 - (-4 + 5))).
2
What is 2 - (4 - 12) - (6 + -1)?
5
What is 3 - 10 - (1 - 13)?
5
Evaluate -8 + (8 - 9 - -14).
5
Calculate 0 - (8 + -3 + (0 - 1)).
-4
What is (18 - -10) + -5 - 13?
10
Calculate 0 + -11 - (-3 - 1).
-7
Calculate 1 - ((-4 - -8) + -2).
-1
Calculate -1 + 4 + (7 - 5) + -7.
-2
Evaluate 1 + 7 + 1 + -3.
6
0